{"id":23,"date":"2022-06-27T05:11:16","date_gmt":"2022-06-27T05:11:16","guid":{"rendered":"https:\/\/bracketweb.com\/brotewp\/?page_id=23"},"modified":"2025-11-16T20:55:57","modified_gmt":"2025-11-16T20:55:57","slug":"about","status":"publish","type":"page","link":"https:\/\/thecleanroute.com\/?page_id=23","title":{"rendered":"About"},"content":{"rendered":"\t\t<div data-elementor-type=\"wp-page\" data-elementor-id=\"23\" class=\"elementor elementor-23\">\n\t\t\t\t\t\t<section class=\"elementor-section elementor-top-section elementor-element elementor-element-643d11c5 elementor-section-full_width elementor-section-height-default elementor-section-height-default\" data-id=\"643d11c5\" data-element_type=\"section\">\n\t\t\t\t\t\t<div class=\"elementor-container elementor-column-gap-no\">\n\t\t\t\t\t<div class=\"elementor-column elementor-col-100 elementor-top-column elementor-element elementor-element-12aa6885\" data-id=\"12aa6885\" data-element_type=\"column\">\n\t\t\t<div class=\"elementor-widget-wrap elementor-element-populated\">\n\t\t\t\t\t\t<div class=\"elementor-element elementor-element-5d71ecc elementor-widget elementor-widget-brote-about\" data-id=\"5d71ecc\" data-element_type=\"widget\" data-widget_type=\"brote-about.default\">\n\t\t\t\t<div class=\"elementor-widget-container\">\n\t\t\t\t\t\t<!--Get To Know Start-->\r\n\t<section class=\"get-to-know\">\r\n\t\t\t\t\t<div class=\"get-to-know-bubble float-bob-x\">\r\n\t\t\t\t<img decoding=\"async\" src=\"https:\/\/bracketweb.com\/brotewp\/wp-content\/uploads\/2022\/06\/get-to-know-bubble.png\" alt=\"alt\">\r\n\t\t\t<\/div>\r\n\t\t\t\t<div class=\"container\">\r\n\t\t\t<div class=\"row\">\r\n\t\t\t\t<div class=\"col-xl-6\">\r\n\t\t\t\t\t<div class=\"get-to-know__left\">\r\n\t\t\t\t\t\t<div class=\"get-to-know__img wow slideInLeft\" data-wow-delay=\"100ms\" data-wow-duration=\"2500ms\">\r\n\t\t\t\t\t\t\t\t\t\t\t\t\t\t\t<img decoding=\"async\" src=\"https:\/\/bracketweb.com\/brotewp\/wp-content\/uploads\/2022\/06\/get-to-know-img-1.jpg\" alt=\"alt\">\r\n\t\t\t\t\t\t\t\t\t\t\t\t\t\t<div class=\"get-to-know-shape-1\"><\/div>\r\n\t\t\t\t\t\t\t<div class=\"get-to-know-shape-2\"><\/div>\r\n\t\t\t\t\t\t<\/div>\r\n\t\t\t\t\t<\/div>\r\n\t\t\t\t<\/div>\r\n\t\t\t\t<div class=\"col-xl-6\">\r\n\t\t\t\t\t<div class=\"get-to-know__right\">\r\n\t\t\t\t\t\t\t\t\t\t\t\t\t<div class=\"section-title text-left\">\r\n\t\t\t\t\t\t\t\t\t\t\t\t\t\t\t\t\t<span class=\"section-title__tagline\">Hakk\u0131m\u0131zda<\/span>\r\n\t\t\t\t\t\t\t\t\t\t\t\t\t\t\t\t\t\t\t\t\t\t\t\t\t<h2 class=\"section-title__title\">The Clean Route<\/h2>\r\n\t\t\t\t\t\t\t\t\t\t\t\t\t\t\t<\/div>\r\n\t\t\t\t\t\t\t\t\t\t\t\t\t\t\t\t\t\t\t<p class=\"get-to-know__text\">KKTC \/ \u0130skele\u2019de profesyonel temizlik \u00e7\u00f6z\u00fcmleri sunarak ya\u015fam ve \u00e7al\u0131\u015fma alanlar\u0131n\u0131z\u0131 daha sa\u011fl\u0131kl\u0131, d\u00fczenli ve konforlu h\u00e2le getiriyoruz.<\/p>\r\n\t\t\t\t\t\t\t\t\t\t\t\t\t\t\t\t\t\t\t<div class=\"get-to-know__points-box\">\r\n\r\n\t\t\t\t\t\t\t\t<ul class=\"list-unstyled get-to-know__points ml-0\">\r\n\t\t\t\t\t\t\t\t\t\t\t\t\t\t\t\t\t<\/ul>\r\n\r\n\t\t\t\t\t\t\t\t<ul class=\"list-unstyled get-to-know__points get-to-know__points--two ml-0\">\r\n\t\t\t\t\t\t\t\t\t\t\t\t\t\t\t\t\t<\/ul>\r\n\t\t\t\t\t\t\t<\/div>\r\n\t\t\t\t\t\t\t\t\t\t\t\t\t\t\t\t\t\t\t<a target=_blank href=\"https:\/\/bracketweb.com\/brotewp\/contact\/\" class=\"thm-btn get-to-know__btn \">\u0130leti\u015fime Ge\u00e7in\t\t\t\t\t\t\t\t<i aria-hidden=\"true\" class=\"  fa fa-angle-right\"><\/i>\t\t\t\t\t\t\t<\/a>\r\n\t\t\t\t\t\t\t\t\t\t\t<\/div>\r\n\t\t\t\t<\/div>\r\n\t\t\t<\/div>\r\n\t\t<\/div>\r\n\t<\/section>\r\n\t<!--Get To Know End-->\r\n\t\t\t\t<\/div>\n\t\t\t\t<\/div>\n\t\t\t\t\t<\/div>\n\t\t<\/div>\n\t\t\t\t\t<\/div>\n\t\t<\/section>\n\t\t\t\t<section class=\"elementor-section elementor-top-section elementor-element elementor-element-7120777c elementor-section-full_width elementor-section-height-default elementor-section-height-default\" data-id=\"7120777c\" data-element_type=\"section\">\n\t\t\t\t\t\t<div class=\"elementor-container elementor-column-gap-no\">\n\t\t\t\t\t<div class=\"elementor-column elementor-col-100 elementor-top-column elementor-element elementor-element-288fee37\" data-id=\"288fee37\" data-element_type=\"column\">\n\t\t\t<div class=\"elementor-widget-wrap elementor-element-populated\">\n\t\t\t\t\t\t<div class=\"elementor-element elementor-element-3b88922d elementor-widget elementor-widget-brote-call-to-action\" data-id=\"3b88922d\" data-element_type=\"widget\" data-widget_type=\"brote-call-to-action.default\">\n\t\t\t\t<div class=\"elementor-widget-container\">\n\t\t\t\t\t    <!--CTA One Start-->\r\n    <section class=\"cta-one\">\r\n                    <div class=\"cta-one-bg-bg\">\r\n                <div class=\"cta-one-bg jarallax\" data-jarallax data-speed=\"0.2\" data-imgPosition=\"50% 0%\" style=\"background-image: url(https:\/\/bracketweb.com\/brotewp\/wp-content\/uploads\/2022\/06\/cta-one-bg.jpg);\"><\/div>\r\n            <\/div>\r\n                            <div class=\"cta-one-shape\" style=\"background-image: url(https:\/\/bracketweb.com\/brotewp\/wp-content\/uploads\/2022\/06\/cta-one-shape.png);\"><\/div>\r\n                <div class=\"container\">\r\n            <div class=\"cta-one__inner\">\r\n                                    <h2 class=\"cta-one__title\">Profesyonel ve uygun fiyatl\u0131 <br> ev temizli\u011fi hizmetini <span>bug\u00fcn<\/span> al\u0131n!<\/h2>\r\n                                <div class=\"cta-one__btn-box\">\r\n                                            <a href=\"https:\/\/bracketweb.com\/brotewp\/service-01\/\" class=\"thm-btn cta-one__btn-1\">\u0130leti\u015fime Ge\u00e7in <i class=\"fa fa-angle-right\"><\/i><\/a>\r\n                                                        <\/div>\r\n            <\/div>\r\n        <\/div>\r\n    <\/section>\r\n    <!--CTA One End-->\r\n\t\t\t\t<\/div>\n\t\t\t\t<\/div>\n\t\t\t\t\t<\/div>\n\t\t<\/div>\n\t\t\t\t\t<\/div>\n\t\t<\/section>\n\t\t\t\t<\/div>\n\t\t","protected":false},"excerpt":{"rendered":"<p>Hakk\u0131m\u0131zda The Clean Route KKTC \/ \u0130skele\u2019de profesyonel temizlik \u00e7\u00f6z\u00fcmleri sunarak ya\u015fam ve \u00e7al\u0131\u015fma alanlar\u0131n\u0131z\u0131 daha sa\u011fl\u0131kl\u0131, d\u00fczenli ve konforlu h\u00e2le getiriyoruz. \u0130leti\u015fime Ge\u00e7in Profesyonel ve uygun fiyatl\u0131 ev temizli\u011fi hizmetini bug\u00fcn al\u0131n! \u0130leti\u015fime Ge\u00e7in<\/p>\n","protected":false},"author":1,"featured_media":0,"parent":0,"menu_order":0,"comment_status":"closed","ping_status":"closed","template":"elementor_header_footer","meta":{"footnotes":""},"class_list":["post-23","page","type-page","status-publish","hentry"],"_links":{"self":[{"href":"https:\/\/thecleanroute.com\/index.php?rest_route=\/wp\/v2\/pages\/23","targetHints":{"allow":["GET"]}}],"collection":[{"href":"https:\/\/thecleanroute.com\/index.php?rest_route=\/wp\/v2\/pages"}],"about":[{"href":"https:\/\/thecleanroute.com\/index.php?rest_route=\/wp\/v2\/types\/page"}],"author":[{"embeddable":true,"href":"https:\/\/thecleanroute.com\/index.php?rest_route=\/wp\/v2\/users\/1"}],"replies":[{"embeddable":true,"href":"https:\/\/thecleanroute.com\/index.php?rest_route=%2Fwp%2Fv2%2Fcomments&post=23"}],"version-history":[{"count":4,"href":"https:\/\/thecleanroute.com\/index.php?rest_route=\/wp\/v2\/pages\/23\/revisions"}],"predecessor-version":[{"id":1323,"href":"https:\/\/thecleanroute.com\/index.php?rest_route=\/wp\/v2\/pages\/23\/revisions\/1323"}],"wp:attachment":[{"href":"https:\/\/thecleanroute.com\/index.php?rest_route=%2Fwp%2Fv2%2Fmedia&parent=23"}],"curies":[{"name":"wp","href":"https:\/\/api.w.org\/{rel}","templated":true}]}}